 + 11. Let p = 83 + f. Is p prime?
True
Suppose -23*h + 22*h + 95 = 0. Is h composite?
True
Let t(s) = 71*s**2 - s. Let m be t(2). Suppose -p + m = p. Is p a composite number?
True
Let z(i) = i. Let b be z(-2). Let u be 140/25 - (-2)/5. Let q = u + b. Is q a prime number?
False
Is 670/5*21/6 prime?
False
Suppose -6 = 4*b + 6. Let v be (-57)/b + (1 - 2). Is 418/18 + (-4)/v a composite number?
False
Suppose 4 = 5*l + 9. Let c be l/((-129)/65 + 2). Let p = 150 + c. Is p a prime number?
False
Let k(c) = c - 2. Suppose -4*i + 21 = g, -4*g = i - g - 19. Let u be k(i). Is ((9 - u) + 0)*1 a composite number?
False
Let d = -5 - -5. Let x be (-3 + d)/((-3)/4). Is (51 - x) + (3 - 1) a prime number?
False
Let z = 645 - 458. Is z composite?
True
Suppose 177 = -36*q + 37*q. Is q a composite number?
True
Let y(l) = l**2 + l + 31. Let m be y(0). Suppose 4*w - 5*f = 1 + 1, -2*w + f = -4. Suppose -j - m = -w*t, -t - 2*t = 3*j - 15. Is t a composite number?
True
Let r(x) be the first derivative of -x**4/4 + 11*x**3/3 + 5*x**2/2 - 8*x + 5. Is r(9) a composite number?
False
Let f be 1*(0 + (-2)/(-1)). Suppose -k - 31 = -5*o - 4, 5*o + f*k - 21 = 0. Suppose -o*r + 77 = -4*r. Is r a prime number?
False
Let l(g) = 9*g - 23. Let c(v) = 4*v - 11. Let a(j) = -13*c(j) + 6*l(j). Let h be a(-7). Let s = 65 - h. Is s prime?
False
Let a(h) = 2*h + 11. Let t = 0 - -10. Is a(t) a prime number?
True
Let t(q) = q**3 + 10*q**2 + 4*q - 11. Is t(-8) a composite number?
True
Let v be ((-4)/3)/(4/(-6)). Suppose 2*c + y + 28 = 0, -y - v + 19 = -c. Is 6/c - 314/(-10) composite?
False
Let l(s) = 2*s**3 + 5*s**2 - 6*s + 2. Is l(5) prime?
True
Let j(l) = -89*l - 27. Is j(-10) a composite number?
False
Suppose 8*o - 242 = 6*o. Let d = -68 + o. Is d prime?
True
Suppose 0 = 7*r - 53 - 178. Is r a composite number?
True
Let x = 35 + -56. Let z be (-2686)/(-7) - 6/x. Suppose c + z = 4*c - 3*r, -146 = -c - 5*r. Is c a prime number?
True
Let n(j) = -j + 4. Let y be n(3). Let v = -1 + y. Suppose 3*d + d - 60 = v. Is d composite?
True
Suppose -4*g - 168 = 2*u, -5*g + 3*g = 5*u + 92. Let i = g + 78. Is i composite?
False
Suppose 0 = 3*q + q - 1196. Is q composite?
True
Let m(c) = c + 3. Let s be m(-5). Let r = 3 - s. Suppose r*b - 190 = 55. Is b a composite number?
True
Is 1209/21 - 18/(-42) a composite number?
True
Suppose 2*w = 2*u - 12, 2*u - 4*w + 2 = 20. Suppose -l - 46 = -u*l. Is l composite?
False
Let j(o) be the third derivative of -o**7/840 + o**6/45 - 7*o**5/120 + o**4/8 - o**3/3 + o**2. Let u(s) be the first derivative of j(s). Is u(6) prime?
False
Let v = 27 - 20. Is v prime?
True
Suppose -12*w + 1639 = -1409. Is w a prime number?
False
Let c(x) = -2*x**3 + 7*x**2 - 7*x + 5. Let d be c(4). Let q = -1 - d. Is q a prime number?
False
Let s = -44 - -109. Is s a composite number?
True
Let d = -183 - -99. Let p = -29 - d. Is p prime?
False
Suppose -4*z = -7*z. Suppose z = 5*i - 2*i - 99. Let y = 52 - i. Is y a prime number?
True
Suppose -f = 4*a - a - 96, 5*a + f - 160 = 0. Suppose -u = -a + 6. Is (-3654)/(-78) + 4/u composite?
False
Let o(g) = g. Let t be o(-7). Is (-27084)/(-28) - (-2)/t prime?
True
Let s(h) = -20*h**3 - h**2 + h + 1. Suppose 0 = -4*y + 5*r - 24, 3*y + 0*r - 4*r + 19 = 0. Is s(y) a prime number?
True
Let z be (-22)/(-8) - 4/(-16). Let t = z + -1. Suppose t*a + 3*n = 71, n + 26 = a - 22. Is a a composite number?
False
Suppose -m - 4*i + 4 - 5 = 0, 54 = -2*m + 5*i. Is 20/(-8)*m*2 prime?
False
Let x = 2265 + -1300. Is x a prime number?
False
Suppose s + 5 = -3*u + 3*s, -u + 2*s - 7 = 0. Is (((-212)/(-2))/2)/u prime?
True
Suppose -2037 = 5*o - 5152. Is o prime?
False
Let b be (-6)/(-4) + 878/(-4). Let z = -87 - b. Is z a composite number?
False
Let x(s) = s**3 + 5*s**2 - 9*s - 3. Let p be x(-6). Let n(f) = -f**3 + f**2 - 3*f + 2. Let y be n(2). Let u = p + y. Is u a prime number?
True
Is (17 + (-3 - -9))/(1/7) a prime number?
False
Let k = -3 - -7. Suppose -t = -4*c + 14, -k*c + 0*c + 20 = -4*t. Let n = 52 - c. Is n composite?
True
Let n be (-14)/(-18) - (-2)/9. Let x = 1 - n. Suppose x*c + 19 = c. Is c composite?
False
Let s(h) = 3*h**3 + 10*h**2 - 7*h + 4. Let k be s(6). Suppose -2*z + 0*z = -k. Is z a prime number?
False
Let a be 3026/7 + (-20)/70. Is a/30 - 2/5 composite?
True
Suppose 2*v + 1 - 13 = 0. Let i(g) = 2*g + 2. Is i(v) a composite number?
True
Suppose -4*f = -8608 + 1676. Is f prime?
True
Suppose 0 = -2*q + 4, 2*w + q = -3*w - 58. Let k be (-1 + 2 + -2)*-1. Let y = k - w. Is y composite?
False
Suppose -25 = -5*t + 5. Let k = t + 0. Is k a prime number?
False
Let y(l) = l + 4. Let r = -8 + 4. Let m be y(r). Suppose -2*c + 2 + 12 = m. Is c a prime number?
True
Suppose -2*g = -631 - 835. Is g a prime number?
True
Let y(m) = 44*m**2. Let a be y(-2). Let q = a + -109. Is q prime?
True
Let y = 56 - -30. Suppose -22 = -2*n + y. Let g = n - 31. Is g prime?
True
Let k(q) = 6*q**2 - 3*q - 2. Is k(4) prime?
False
Suppose 0 = 3*w + w - 1316. Suppose -5*c = h - 4*h - 1155, 0 = -c + h + 229. Let u = w - c. Is u prime?
False
Let i be 0 + -2 - (8 + 1). Let z = 68 + i. Suppose 0 = 2*v - z - 21. Is v a prime number?
False
Suppose 2 = 5*f - 8. Let r = 21 + -10. Let a = f + r. Is a composite?
False
Let b be 0*1*(-1 - -2). Suppose b - 4 = -4*k. Let y(q) = 59*q - 1. Is y(k) prime?
False
Let s = 24 + -14. Is s a composite number?
True
Let j(v) = -2*v + 7. Let l(z) = z. Let p be l(1). Suppose 3*w = m + 22, -m + p = w + 3. Is j(m) a composite number?
True
Let l = -4 - -87. Is l a prime number?
True
Suppose -3*g + 174 = -g. Is g prime?
False
Is (-3 - 1)*(-2782)/8 composite?
True
Is 67/2 - 2/4 a prime number?
False
Let y = 12 - 9. Suppose o - y*o = -38. Is o a prime number?
True
Suppose -i + 2 = i. Let d(m) = 67*m. Is d(i) composite?
False
Suppose 5*w - 2*o - o - 39 = 0, 5*w - 45 = 5*o. Let c be (-3)/(-2)*8/w. Is 21 - ((1 - c) + 1) a composite number?
True
Suppose 3*i - 2*x = -2*i + 14, 5*i - 5*x = 20. Suppose 4*y - 14 = 6, i*t - 4*y - 74 = 0. Is t a prime number?
True
Let g = -22 - -16. Let q = g - -8. Suppose -q*o + o = -23. Is o composite?
False
Is (1/(-3))/(4/(-6972)*1) prime?
False
Suppose -4*i = -5*i + s - 4, -2*i + 3*s - 12 = 0. Suppose i = 2*f - 82 - 100. Is f composite?
True
Suppose 17 = -5*f + 5*k - 8, 3*k - 15 = -3*f. Is (2566 + f/(-4))/2 a composite number?
False
Let t(q) = 0*q**2 - 4 - 5*q**2 + 2*q**2. Let c be t(5). Let x = c + 198. Is x composite?
True
Suppose -2*i + 9 = -7. Let w(x) = -x**3 + 12*x**2 - 15*x + 7. Let k(j) = -j**3 + 12*j**2 - 16*j + 6. Let a(b) = -4*k(b) + 5*w(b). Is a(i) composite?
False
Suppose 892 = 4*y - 152. Let x = 452 - y. Is x composite?
False
Suppose w + 98 = 4*a, 4*a + 101 = -4*w - 311. Let g = -47 - w. Suppose 6 = 3*s, -4*l + s + g = -l. Is l prime?
True
Suppose d + 2*i = -1, -d + 2*i = -2*i - 11. Suppose -z - 57 = -5*c, -d*c + 8*c = 5*z + 65. Is c a prime number?
True
Let i be (-2)/8 - 1137/(-4). Suppose 2*s = y - 142, 4*s = -3*y - y - 260. Let c = i + s. Is c composite?
True
Let r = -51 + 352. Suppose -b - t + 1231 = 3*b, -2*t - r = -b. Is b prime?
True
Let r(l) = 4*l - 2*l - 9 + 4*l. Let v be r(7). Suppose 2*a + 11 - 55 = -g, -a + 5*g = -v. Is a prime?
True
Let k = 1171 + -774. Is k a composite number?
False
Let u be 2/13 + 5653/13. Suppose 0*f + f - s = 87, 5*f - 2*s - u = 0. Is f a composite number?
True
Let t = 3 + 5. Suppose 440 = -3*i + t*i. Suppose -i = -3*a - a. Is a a composite number?
True
Let y(n) = -3*n**3 - 7*n**2 + 10*n + 15. Is y(-7) composite?
False
Let q = 2279 - 1602. Is q a prime number?
True
Is (4618/4)/((-11)/(-22)) prime?
True
Suppose 4*c - 15 - 1 = 0. Suppose 94 + 66 = c*o. Suppose -g - 20 = -2*h, -4*h = -g + 6*g - o. Is h composite?
True
Suppose p - 3329 + 467 = -v, -3*p + 11443 = 4*v. Is v composite?
False
Suppose -6 = 3*f, 3*o - 5574 - 913 = 2*f. Is o composite?
False
Suppose 0 = 4*n + 3*m - 8, -m + 6*m + 5 = -3*n. Suppose n*h - 104 = h. Is h a prime number?
False
Let z = 740 - 483. Is z a prime number?
True
Is (-1499)/(-3) - (-12)/(-18) a prime number?
True
Let d(f) = -2*f + 11. Let s = -33 - -20. Is d(s) a composite number?
False
Let m = 1 + 37. Suppose -3*s - m = -5*s. Is s a prime number?
True
Let g(w) = -45*w + 10. Is g(-15) a prime number?
False
Let g(o) = o**3 - 13*o**2 - o - 19. Is g(14) prime?
True
Let j(y